1. Let b = -187 - -475. Suppose -b = -2*s + r. List the prime factors of s.
11, 17
Let x(d) = -14*d + 125*d - 30*d - 33*d + 73 - 27*d. List the prime factors of x(7).
2, 5, 11
Let g = -8651 + 8650. Let z(k) be the second derivative of -199*k**5/20 - k**4/12 - k**3/6 - k**2/2 - k. What are the prime factors of z(g)?
2, 3, 11
Suppose 0 + 5 = -u, o - 5*u = -1085. Let j = 1981 + o. What are the prime factors of j?
13, 67
Let z = -2821 - -10242. List the prime factors of z.
41, 181
Suppose q + 101 - 378 = 0. Let i = 3060 + -3212. Let f = i + q. List the prime factors of f.
5
Suppose 2*s + 2*k - 16659 - 9145 = 0, 5*k = -3*s + 38692. What are the prime factors of s?
3, 13, 331
Suppose 13*p = 4*p. Let o(t) = t + 2. Let v be o(p). Suppose 3*f - 5*k - 116 = 25, -v*f + 94 = -2*k. List the prime factors of f.
47
Suppose -150*g - 3312285 = -6587287 - 3617498. What are the prime factors of g?
2, 5, 919
Let j(k) = 149*k + 1023. List the prime factors of j(13).
2, 5, 37
Let t = 2338 - -160. List the prime factors of t.
2, 1249
Let p(h) be the second derivative of -5*h**3 - 33*h**2/2 - 3*h + 7. List the prime factors of p(-12).
3, 109
Let t(q) = -2*q + 8. Let l be t(0). Suppose -l*f + 29 = -3. Suppose -2*p = 5*b - 1, 0 = f*p + 3*b + 14 - 37. What are the prime factors of p?
2
Let x = 523 + -522. What are the prime factors of (-1 - x)*(4 - 15768/16)?
13, 151
Let w = -23982 + 38819. List the prime factors of w.
37, 401
What are the prime factors of (4 - (-40885)/(-26))*-2?
3137
Let z(n) = 36*n**2 + n. Suppose 9*j = 7*j + 6. Suppose j*o = -9, g - 4*o = -3*g + 20. What are the prime factors of z(g)?
2, 73
Let s(t) = -9010*t**3 - 18*t**2 - 5*t - 2. List the prime factors of s(-1).
5, 7, 257
List the prime factors of 15 - (13 + -7) - -10594.
23, 461
Let j = 22 - 29. Let h be (-170)/(-10)*(0 - (j + 0)). Let g = h + -67. List the prime factors of g.
2, 13
Suppose -15*f = -13*f - 654. Let d = 518 - f. Suppose d = 3*k + 41. List the prime factors of k.
2, 5
Suppose 1680 + 16160 = 40*j. Let h = -158 + j. What are the prime factors of h?
2, 3
Let w(t) = -t**3 + 2*t**2 + 6*t - 9. Let z be w(2). Suppose 483 = z*i - 30. What are the prime factors of i?
3, 19
Suppose 3*f - 2*o - 4476 + 13314 = 0, 2*f - 5*o + 5903 = 0. Let z = -1292 - f. What are the prime factors of z?
2, 7, 59
Let x(y) = -179 + 27*y**2 + 186 + 0*y**2 - 39*y. What are the prime factors of x(8)?
1423
Let m be -4 - ((-60)/4)/5. Let i be 54 + -4 + (m - -1). Let w = i - 8. What are the prime factors of w?
2, 3, 7
Let t = 13700 - 8805. What are the prime factors of t?
5, 11, 89
Suppose -32*l = -35*l - 18. Let q be (-6)/(-4)*(64/l)/2. List the prime factors of (-1646)/q - (-87)/(-116).
5, 41
What are the prime factors of 1271/((35/2)/35)?
2, 31, 41
What are the prime factors of (4 + -1 + -4)*-5223?
3, 1741
Let n(d) = 29*d + 34. Let w be n(-4). What are the prime factors of 6242/14 + w/14 + 6?
2, 223
Let o be -5*(1/3)/(30/36). List the prime factors of (o + 3)*724/2 + 2.
2, 7, 13
Let n(l) = l**3 + 75*l**2 + 141*l - 312. List the prime factors of n(-72).
2, 3, 53
Let n be -8 + 17/((-85)/60). List the prime factors of (64/n)/(5/(-1200)).
2, 3
Let w(t) = 176*t**3 - 3*t**2 + 48. List the prime factors of w(5).
7, 43, 73
Let a(o) be the first derivative of o**3/3 - 5*o**2/2 - 3*o + 16. Let v be a(6). Suppose -v*n = -6*n + 477. List the prime factors of n.
3, 53
Suppose 144 = -33*b + 37*b. Let t be (0 - 14/35) + b/(-10). Let f(j) = -2*j**3 + 6*j**2 + 6*j + 8. List the prime factors of f(t).
2, 13
Let d(a) be the second derivative of -5*a**3/6 - 45*a**2 + 2*a + 2. List the prime factors of d(-24).
2, 3, 5
Suppose -2*l = -3*q + 83120, 5*q + 220*l - 138512 = 218*l. What are the prime factors of q?
2, 3463
Let l(z) = -3*z**3 + z + 1. Let y(t) = 16*t**3 - 14*t + 16. Let f(d) = 5*l(d) + y(d). List the prime factors of f(8).
461
Suppose 4*w + 41 - 1 = -4*x, 0 = -3*w - 4*x - 31. Let l(m) = -51*m - 65. What are the prime factors of l(w)?
2, 197
Let n(q) = q**3 - 5*q**2 - 5*q + 5. Let x = -9 + 15. Let s be n(x). Suppose -2*m + 54 = 2*u, -1 + s = -2*u. What are the prime factors of m?
2
What are the prime factors of (63932/(-22))/((-8 + 2)/3)?
1453
Let t(h) = -h**3 - 5*h**2 - 3*h - 10. Let g be t(-7). Suppose 5*m - 27 = -2*j, 2*m - j = 1 + 8. Suppose -m*o - g = -6*o. List the prime factors of o.
109
Let v(k) = 624*k + 1532. What are the prime factors of v(20)?
2, 31, 113
What are the prime factors of (-152)/(-228) - (-739900)/12?
3, 13, 17, 31
Let m(r) = 8*r + 26. Suppose -4*h = 3*o - 219, o = -h + 78 - 5. Let w = o + -61. List the prime factors of m(w).
2, 61
Suppose 10*d + 71*d - 2677752 = 18*d. What are the prime factors of d?
2, 3, 7, 11, 23
Suppose 3*q = -4*a - 571, -3*q = 2*a + 2*q + 289. Let w = 140 + a. List the prime factors of w/(-8)*-1 + (-890)/(-8).
3, 37
Let w be ((-37)/2)/(2/(-4)). Let a = -40 + w. What are the prime factors of 6/(-10) + (2226/10 - a)?
3, 5
Let m be 33/(7 - (-18)/(-3)). List the prime factors of (718/(-3))/(-6 - (-187)/m).
2, 359
Suppose 0 = -31*g + 23*g + 12280. Let o = 2616 - g. What are the prime factors of o?
23, 47
Suppose 4*s - 3*c = 5469, 4*s = 193*c - 196*c + 5475. List the prime factors of s.
2, 3, 19
Let z be (-14)/(-2) - 4 - (1509 + -4). What are the prime factors of z/(-4)*(-12 - -14)?
751
Let m(d) be the second derivative of d**5/5 - 2*d**4/3 + d**3/6 - 17*d**2 + d. List the prime factors of m(6).
2, 137
Suppose 3*x = -4*d + 791, 3*x + 577 = 3*d + 2*x. Suppose q - d = -4*z + 229, 2*q + 2*z - 870 = 0. What are the prime factors of q?
439
Let p be (-4307)/(-531) + 1/(-9). List the prime factors of (3 - (3 - p))*188.
2, 47
Let w(t) = -3*t - 33. Let d be w(-12). Suppose o + d*n + 2*n - 7 = 0, 3*o - 5*n = 1. List the prime factors of ((-21)/6 + o)*(-110 - 2).
2, 3, 7
Suppose 8489 = -14*h + 80939. What are the prime factors of h?
3, 5, 23
Let q(o) = o**3 - 3*o. Let k be q(0). Suppose k = -4*x + 193 + 183. Suppose 2 - x = -4*y. List the prime factors of y.
23
Suppose 0 = 38*q + 2*q + 560. Let p(w) = -w**3 - 11*w**2 - 13*w + 30. What are the prime factors of p(q)?
2, 5
Let g(y) be the first derivative of 3*y**4/2 + 2*y**3/3 - 2*y**2 - 34. Suppose -3*d + 3 = -m, 2*d + 7*m - 2*m - 19 = 0. What are the prime factors of g(d)?
2, 3
Let p be (2 + 9)/((-2)/(-4)). Let f = 27 - p. Let y = f - -10. What are the prime factors of y?
3, 5
Let x(d) = 89*d + 406. List the prime factors of x(66).
2, 5, 157
Suppose 4 = -2*l + s + s, 5*l - 3*s + 4 = 0. Let n be (1 + (-2 - -2))*l. Suppose -3*p = n - 46. List the prime factors of p.
3, 5
Suppose -5*y + 181 + 409 = 0. Let u = 431 - y. List the prime factors of u.
313
Suppose 3*m - 8*m + 2351 = -3*w, -m + 459 = 5*w. Let o = 868 - m. List the prime factors of o.
3, 7, 19
Suppose -571*x + 573*x = -12. What are the prime factors of (16/x)/(22/33) - -308?
2, 19
Suppose 2*d - 4*x - 265 = 19, 5*d + 5*x = 695. Suppose d - 391 = -m. List the prime factors of m.
251
Let w = 246 - 239. Suppose -w*c + 13289 = 507. What are the prime factors of c?
2, 11, 83
Let t(g) = 5*g + g - 35 - 8*g. Let x be t(-16). Let s(b) = -b - 1. List the prime factors of s(x).
2
Suppose 0*q + 5*q = -1620. Let b = 97 - q. What are the prime factors of b?
421
Let h = -113 - -289. Let x = h + 37. List the prime factors of x.
3, 71
Let a(u) be the third derivative of -u**5/60 + 2*u**4/3 + u**3/6 - 15*u**2 - 10*u. Let g = 29 - 15. What are the prime factors of a(g)?
29
Let w = -8 - -5. Let i(t) = t**3 + 6*t**2 + 8*t + 4. Let u be i(w). Suppose -2*k + 71 - u = 0. List the prime factors of k.
2
Let h(w) = 170*w + 8734. List the prime factors of h(125).
2, 937
Let z(p) = -1049*p + 1992. List the prime factors of z(-4).
2, 7, 13, 17
Let l = -2446 + 8935. What are the prime factors of l?
3, 7, 103
Let p(g) = -801*g**3 - 8*g**2 - 9*g - 6. Let k be p(-3). Suppose 6*s - 37*s = -k. What are the prime factors of s?
2, 3, 29
Suppose 6*l - 7*l = -d + 5, 4 = 2*l. Let w(x) = 77*x - 111. What are the prime factors of w(d)?
2, 107
Suppose 18*u - 17*u - 4 = 0. Suppose 3*i = -u*x + 3157, x - 773 = -2*i - 2*i. List the prime factors of x.
13, 61
Let a = -129 + 139. What are the prime factors of 295/118*(0 + 888/a)?
2, 3, 37
List the prime factors of (-11)/132 + 3 + (-31897)/(-12).
3, 887
Let n(s) = -s**2 + 25*s - 59. Let 